3, 853, 21773
List the prime factors of 31667983.
283, 317, 353
List the prime factors of 46657421.
5011, 9311
List the prime factors of 5429318882.
2, 13, 208819957
What are the prime factors of 66933315?
3, 5, 107, 13901
List the prime factors of 65211185.
5, 13, 229, 337
What are the prime factors of 10654861?
7, 29, 73, 719
What are the prime factors of 96785773?
7, 13826539
List the prime factors of 49091342.
2, 17, 127, 11369
List the prime factors of 17224006.
2, 229, 37607
List the prime factors of 54688429.
5927, 9227
What are the prime factors of 86483045?
5, 11, 1572419
List the prime factors of 403870990.
2, 5, 40387099
List the prime factors of 4154365004.
2, 17, 61093603
List the prime factors of 954535910.
2, 5, 95453591
List the prime factors of 121416940.
2, 5, 1367, 4441
What are the prime factors of 1573935930?
2, 3, 5, 7, 991, 2521
List the prime factors of 3629575787.
953, 3808579
What are the prime factors of 665646849?
3, 7, 17, 31, 41, 163
What are the prime factors of 503472983?
13, 38728691
List the prime factors of 161379411.
3, 479, 112303
List the prime factors of 30704404.
2, 101, 76001
List the prime factors of 210737013.
3, 2357, 29803
What are the prime factors of 409753980?
2, 3, 5, 2276411
List the prime factors of 105526936.
2, 79, 166973
List the prime factors of 1166038375.
5, 9328307
What are the prime factors of 1951257549?
3, 67, 283, 34303
What are the prime factors of 28488590?
2, 5, 13, 219143
What are the prime factors of 5225860530?
2, 3, 5, 11, 103, 1553
What are the prime factors of 40419542?
2, 20209771
List the prime factors of 4196722152.
2, 3, 7, 503, 49663
List the prime factors of 1595200310.
2, 5, 11, 71, 204251
What are the prime factors of 79066775?
5, 3162671
What are the prime factors of 272638532?
2, 431, 158143
What are the prime factors of 36376774?
2, 7, 2598341
List the prime factors of 282066013.
61, 4624033
What are the prime factors of 2546056304?
2, 11, 14466229
What are the prime factors of 2782557111?
3, 701, 1323137
What are the prime factors of 563651904?
2, 3, 2935687
What are the prime factors of 1011008052?
2, 3, 4457, 6301
List the prime factors of 159072880.
2, 5, 1988411
What are the prime factors of 633908526?
2, 3, 1217, 86813
List the prime factors of 339012204.
2, 3, 29, 37, 113, 233
List the prime factors of 44296345.
5, 2003, 4423
List the prime factors of 277706746.
2, 59, 73, 103, 313
List the prime factors of 40500669.
3, 11, 113, 10861
What are the prime factors of 742318219?
31, 83, 103, 2801
List the prime factors of 426616694.
2, 7, 89, 342389
List the prime factors of 2667083343.
3, 889027781
List the prime factors of 182309251.
73, 83, 30089
List the prime factors of 35379468.
2, 3, 59, 16657
List the prime factors of 3700096422.
2, 3, 11, 37, 43, 167, 211
What are the prime factors of 2419548749?
17, 19, 89, 4951
What are the prime factors of 5500941340?
2, 5, 191, 1440037
List the prime factors of 1461120482.
2, 19, 4457, 8627
What are the prime factors of 5601209?
2017, 2777
What are the prime factors of 1442099542?
2, 13, 55465367
List the prime factors of 2166112169.
13, 166624013
List the prime factors of 55828012.
2, 997, 13999
What are the prime factors of 3224141634?
2, 3, 7, 43, 127, 14057
List the prime factors of 125214619.
9929, 12611
What are the prime factors of 5961095?
5, 7, 29, 839
What are the prime factors of 3671912748?
2, 3, 7, 3911, 11177
List the prime factors of 4310661146.
2, 11, 2293, 85451
What are the prime factors of 29437947?
3, 7, 11, 107, 397
What are the prime factors of 99233682?
2, 3, 16538947
List the prime factors of 633265481.
12893, 49117
List the prime factors of 581535625.
5, 11, 251, 337
What are the prime factors of 39055321?
107, 365003
List the prime factors of 139229303.
17, 8189959
What are the prime factors of 141062573?
211, 668543
List the prime factors of 3444336694.
2, 1722168347
List the prime factors of 258375010.
2, 5, 17, 89, 17077
What are the prime factors of 28635324?
2, 3, 2386277
What are the prime factors of 414400778?
2, 11, 29, 59, 101, 109
List the prime factors of 91205170.
2, 5, 7, 17, 10949
What are the prime factors of 292897893?
3, 23, 557, 7621
List the prime factors of 75132743.
7, 23, 47, 9929
What are the prime factors of 244905503?
97, 2524799
What are the prime factors of 1453129678?
2, 7, 11, 13, 61, 73, 163
List the prime factors of 846306531.
3, 7, 19, 641, 1103
What are the prime factors of 79661812?
2, 4409, 4517
What are the prime factors of 26992206?
2, 3, 1499567
List the prime factors of 15211900.
2, 5, 11, 13829
List the prime factors of 309119970.
2, 3, 5, 701, 14699
What are the prime factors of 12700230?
2, 3, 5, 423341
What are the prime factors of 315593853?
3, 53, 1984867
List the prime factors of 295052007.
3, 19, 53, 101, 967
What are the prime factors of 2875709908?
2, 22573, 31849
What are the prime factors of 2402040072?
2, 3, 29, 3451207
What are the prime factors of 22021946?
2, 541, 20353
List the prime factors of 64406867.
7, 9200981
List the prime factors of 432277276.
2, 108069319
What are the prime factors of 69467371?
69467371
What are the prime factors of 6013732619?
3221, 1867039
List the prime factors of 3306518988.
2, 3, 1109, 248461
What are the prime factors of 705965000?
2, 5, 13, 10861
List the prime factors of 60488168.
2, 13, 581617
What are the prime factors of 239775881?
239775881
What are the prime factors of 12500302?
2, 37, 251, 673
What are the prime factors of 274152224?
2, 8567257
What are the prime factors of 546478718?
2, 273239359
List the prime factors of 52130942.
2, 17, 619, 2477
What are the prime factors of 5347580?
2, 5, 7, 38197
What are the prime factors of 95492788?
2, 23873197
What are the prime factors of 107117492?
2, 26779373
List the prime factors of 103761892.
2, 13, 1995421
What are the prime factors of 349141939?
9281, 37619
List the prime factors of 56462899.
17, 1303, 2549
List the prime factors of 1287538966.
2, 7, 307, 299567
List the prime factors of 2646495099.
3, 32672779
List the prime factors of 635728950.
2, 3, 5, 863, 1637
List the prime factors of 233266336.
2, 743, 9811
What are the prime factors of 518759948?
2, 7, 113, 127, 1291
List the prime factors of 373768590.
2, 3, 5, 13, 958381
What are the prime factors of 7495078033?
7495078033
List the prime factors of 276269675.
5, 11, 23, 31, 1409
List the prime factors of 29438562.
2, 3, 19, 258233
List the prime factors of 70590080.
2, 5, 11, 37, 271
What are the prime factors of 555547537?
53, 10482029
What are the prime factors of 32627231?
7, 13, 358541
What are the prime factors of 14974141?
7, 13, 59, 2789
What are the prime factors of 208275785?
5, 103, 404419
What are the prime factors of 251296110?
2, 3, 5, 13, 214783
What are the prime factors of 597806863?
173, 3455531
What are the prime factors of 136071391?
136071391
List the prime factors of 2675809364.
2, 37, 18079793
What are the prime factors of 162360250?
2, 5, 13, 49957
What are the prime factors of 185880731?
3167, 58693
List the prime factors of 41193820.
2, 5, 103, 19997
List the prime factors of 2230228404.
2, 3, 463, 14867
What are the prime factors of 3031815908?
2, 11, 68904907
List the prime factors of 15103853.
15103853
What are the prime factors of 1563937464?
2, 3, 65164061
What are the prime factors of 111808625?
5, 73, 12253
What are the prime factors of 48089509?
13, 3699193
What are the prime factors of 164476092?
2, 3, 11, 41, 30391
List the prime factors of 58057941.
3, 17, 1138391
List the prime factors of 3535031680.
2, 5, 17, 31, 47, 223
What are the prime factors of 917271793?
917271793
List the prime factors of 297514755.
3, 5, 131, 16823
List the prime factors of 11966772.
2, 3, 193, 5167
What are the prime factors of 95444518?
2, 13, 461, 7963
List the prime factors of 82785713.
82785713
List the prime factors of 926127940.
2, 5, 46306397
List the prime factors of 1417885523.
1417885523
List the prime factors of 3651687.
3, 13, 23, 59
List the prime factors of 16816826.
2, 13, 683, 947
What are the prime factors of 37010196?
2, 3, 114229
What are the prime factors of 624225093?
3, 208075031
List the prime factors of 1236014733.
3, 17, 19, 23, 31, 1789
W